- 1 = 3*i - 8*i. Let o be 23*i + (6 - 4). What is the greatest common divisor of o and 10?
5
Suppose 0 = -4*q + 205 + 19. Suppose -2*v + 3*v = 8. What is the greatest common divisor of v and q?
8
Let o be 3/(-6)*-3*2. Suppose 2*i - 5*z - 77 = -4*z, z = o*i - 116. What is the highest common divisor of 13 and i?
13
Suppose -15 = 2*s - 7. Let v = -2 - s. Calculate the highest common factor of v and 2.
2
Let c be 33/(-22)*610/(-3). Calculate the highest common divisor of 61 and c.
61
Suppose u - 9 = -0. Let c be (6/u)/((-2)/(-12)). Suppose -x - c*w = -3, x + 5*w = -2*x + 37. What is the highest common divisor of x and 19?
19
Let l be (22/3)/((-22)/(-957)). Calculate the highest common factor of l and 29.
29
Let b be 29 - 16 - 1/((-2)/(-8)). What is the highest common divisor of 27 and b?
9
Let f(q) = 2*q - 2. Let k be f(2). Suppose 0 = k*o - 2 - 4. Suppose -2*l - d + 6 = -4, d - 1 = l. What is the greatest common factor of o and l?
3
Suppose 6*o - 260 = o - 5*d, -208 = -4*o + 5*d. Let m = -8 - -2. Let t be (-2 - 1)/(m/o). What is the greatest common divisor of 13 and t?
13
Let g = 11 - 2. Suppose -5*t + g + 6 = 0. Suppose -t*o - 126 = -390. Calculate the greatest common divisor of 8 and o.
8
Let d(h) = 2*h**2 + 8*h - 1. Let x be d(-5). Let g(l) = l**3 - l**2 - 4*l + 3. Let z be g(3). What is the greatest common divisor of z and x?
9
Let n = -2 - -14. Let j = -16 - -8. Let m = 14 + j. What is the greatest common divisor of m and n?
6
Let x = 5 + 13. Let t = 29 + -15. Let b = t - 2. Calculate the greatest common divisor of x and b.
6
Let s be (-1788)/(-16) - 4/(-16). Let w = -9 - -23. Calculate the highest common divisor of w and s.
14
Let n(a) = a**3 + 5*a**2 + 5*a + 5. Let j be n(-4). Suppose b + 0 = j. Calculate the highest common divisor of b and 8.
1
Let m(b) = -b**3 + 8*b**2 + 6*b + 2. Let l be m(-5). Calculate the greatest common factor of l and 11.
11
Suppose l - 90 = -4*a - 0*a, -5*a = -25. What is the highest common factor of l and 14?
14
Let h = -29 + 32. What is the highest common divisor of 12 and h?
3
Suppose -7*j = -3*j - 60. Calculate the highest common divisor of 30 and j.
15
Let j = 125 + -122. What is the highest common divisor of j and 3?
3
Suppose -5*k + 320 = 3*k. Calculate the highest common divisor of k and 120.
40
Suppose 33 = 4*x - 723. What is the greatest common divisor of x and 21?
21
Let b = -12 + 17. Let i be 2/(-9) + (-249)/(-27). Suppose 5*l + 8 = i*l. What is the highest common divisor of l and b?
1
Let u = 15 - 9. Let j be (-10)/(-4)*(-2 + u). Calculate the highest common factor of j and 25.
5
Let t = -16 - -22. Let f(m) = m**3 - 6*m**2 + m + 5. Let z be f(t). What is the highest common factor of z and 11?
11
Let n be (2 - (-154)/4) + 6/(-12). Calculate the greatest common factor of n and 80.
40
Let t = -59 - -72. Calculate the highest common divisor of t and 78.
13
Let w(b) = -b**3 + 10*b**2 + 10*b + 13. Let v be w(11). Suppose g + 3*t - 120 = 0, 4*t + 0*t = v*g - 240. Calculate the greatest common divisor of g and 15.
15
Let r(z) = z**3 + 10*z**2 + 9*z + 9. Let x be r(-9). What is the highest common divisor of 99 and x?
9
Suppose 2*w = -2*o + 3*w + 7, -3*w = o. Suppose -160 = -o*d - d. Suppose 4*p - d = 120. What is the greatest common divisor of p and 5?
5
Let r = -1 - -7. Let i(v) = -v. Let q(t) = -12*t + 4. Let n(z) = 5*i(z) - q(z). Let d be n(4). What is the highest common divisor of r and d?
6
Let b be (1 + 0 - -2) + 93. What is the highest common divisor of b and 12?
12
Let t(c) = -4*c + 13*c + 2*c. Let b be t(4). What is the highest common factor of 11 and b?
11
Suppose 0 = 7*j - 21. What is the highest common divisor of 12 and j?
3
Let o be ((-12)/30)/((-1)/5). Let d = 4 - o. What is the highest common factor of 22 and d?
2
Suppose -4*h - 1 = -101. Let v be 10/2*(-2 - -3). Calculate the highest common factor of v and h.
5
Let q = 6 - 4. Let w = 2 + 1. Suppose 28 = 5*d + k, 1 + 21 = w*d - 2*k. What is the highest common divisor of q and d?
2
Let h be 22/4 - 2/4. Suppose y + 0*y + 5*k - 22 = 0, -4*k = h*y - 26. Calculate the greatest common divisor of 18 and y.
2
Suppose 3*t - 2*j = 8*t - 216, 0 = 5*t - 3*j - 226. Suppose 3*i - 60 = -2*i. Let f = i - 8. What is the greatest common divisor of f and t?
4
Let k be (4/10)/(12/30). Suppose 0 = 3*l + 3*a - 35 + 2, 5*a - 33 = -3*l. Calculate the greatest common divisor of k and l.
1
Suppose 6 = 4*r - 10. Let n be (-20)/6*1*24/(-20). Calculate the greatest common factor of n and r.
4
Suppose -3*y - 4 = -t - 14, y = -2*t - 6. Suppose 0 = y*x + x + 15. Let b(s) = -2*s - 3. Let k be b(x). What is the greatest common divisor of 7 and k?
7
Let q = -5 - -10. Let l be 6/((1 - 0)/54). Let k be l/6 + (-1)/(-1). What is the highest common divisor of k and q?
5
Suppose -b + 1 + 2 = 0. Suppose j = -b*j - 4*n + 88, -76 = -4*j + 2*n. What is the highest common divisor of j and 5?
5
Suppose -c + 4*c - 1 = 4*w, -2*c = w - 8. What is the greatest common factor of c and 1?
1
Suppose h + 48 = 4*m, 3*m - 13 = 2*h + 23. Let r be 1/(-4) + (-725)/(-20). Calculate the highest common divisor of m and r.
12
Let c be (2/(-6))/((-5)/45). Suppose -c*s = -2*p - 0*p + 60, 3*s = -2*p + 60. What is the greatest common factor of 20 and p?
10
Suppose -3*f = -5*n - 10, -13*f = -11*f - 3*n - 7. What is the highest common factor of f and 80?
5
Let z be (3 - 2)*(-8 - -9)*2. Suppose 2*f - 4*k - 32 = 0, -2*f - 2*f + 5*k = -52. What is the highest common factor of z and f?
2
Let w(k) = 7*k + 1. Let s be w(1). Calculate the greatest common divisor of 8 and s.
8
Let z = 3 + -1. Let d = -12 - -19. Let q be (-830)/(-35) + z/d. Calculate the greatest common divisor of 12 and q.
12
Let t(h) = h**2 + 2*h - 3. Let o be t(2). Suppose -2*c = 4*g - 90, -2*c + 1 = o*g - 110. Calculate the highest common divisor of 7 and g.
7
Suppose 0*s = 5*s + 5*q - 10, 0 = 4*s - 2*q - 2. What is the greatest common divisor of 2 and s?
1
Suppose 3*l = -5*t + 68 + 38, -96 = -3*l - 3*t. Let g be (6/4)/((-1)/(-2)). What is the greatest common divisor of g and l?
3
Suppose 0 = 2*p - 3*p. Suppose p = 3*z + 22 - 190. Let r be 5/1 - (-3 + 1). What is the greatest common divisor of r and z?
7
Suppose -16 = 2*j - 6*j. Let m = -2 - -5. Suppose -4*s = -m*s - 32. Calculate the greatest common factor of s and j.
4
Suppose 2*d + 4 = 52. Calculate the highest common factor of d and 168.
24
Suppose 0 = 6*p - 25 - 47. What is the highest common factor of 8 and p?
4
Let b = 28 - 16. Suppose 6*c = a + c - 29, b = -3*c. Calculate the greatest common divisor of a and 36.
9
Let k = 13 - 4. Calculate the highest common factor of 81 and k.
9
Let z be 40/(-1 - 3 - -5). Calculate the greatest common divisor of z and 60.
20
Suppose 5 = 2*d - 1. Suppose -5*f + k = -302, d*f - 52 = 2*f - 4*k. Calculate the greatest common divisor of 12 and f.
12
Let g(p) = -p - 9. Let h be g(0). Let o = h + 17. What is the greatest common factor of 12 and o?
4
Suppose 0 = 4*w - 142 - 138. What is the highest common factor of 175 and w?
35
Suppose 4 = -3*q + 4*q. Suppose -225 + 885 = q*n. Calculate the highest common divisor of 15 and n.
15
Let h be 11 - (-6)/4*-2. What is the highest common divisor of h and 20?
4
Let d = 22 + 8. What is the greatest common divisor of d and 45?
15
Let v(n) = -n**2 + 4*n + 4. Let f be v(3). Let a be (72/21)/(1/f). What is the greatest common factor of 36 and a?
12
Suppose 18*k + 62 = 170. Calculate the greatest common divisor of 12 and k.
6
Suppose -4*s + 0*d = d + 48, s - 2*d = -12. Let z be (99/s)/(6/(-16)). Calculate the greatest common factor of 88 and z.
22
Suppose l + 3*b + 4 = b, 4*b = 5*l - 8. Suppose l = 3*w + 2*w - 200. Suppose -w = -3*c - 2*c. Calculate the highest common factor of c and 20.
4
Let t be 70/21 - 1/3. Suppose 1 = t*g - 38. What is the highest common factor of 13 and g?
13
Suppose -4*t - 10 = -50. Let u(b) = -30*b**3 + b**2 + b. Let j be u(-1). What is the greatest common factor of t and j?
10
Suppose 0 = -3*u + q + 22, -u = -5*q + 5 - 3. Calculate the highest common divisor of 1 and u.
1
Suppose 2*a = 134 + 132. Suppose 3*i = 3*l - 51, 80 = 4*l + 3*i - i. Calculate the highest common divisor of l and a.
19
Suppose 18 = 7*t - 17. What is the highest common factor of t and 10?
5
Let p be (-10)/6*(-18)/15. Suppose p*c - 